{"id":84,"date":"2016-10-19T11:20:42","date_gmt":"2016-10-19T09:20:42","guid":{"rendered":"http:\/\/locajeux.fr\/?page_id=84"},"modified":"2024-04-03T07:20:47","modified_gmt":"2024-04-03T05:20:47","slug":"evenements","status":"publish","type":"page","link":"https:\/\/locajeux.fr\/index.php\/evenements\/","title":{"rendered":"\u00c9v\u00e9nements"},"content":{"rendered":"<p style=\"text-align: left;\"><strong>locajeux <\/strong>\u00a0au Ch\u00e2teau de Roquefeuille pour <strong>OCP<\/strong><\/p>\n<figure id=\"attachment_472\" aria-describedby=\"caption-attachment-472\" style=\"width: 300px\" class=\"wp-caption aligncenter\"><img decoding=\"async\" loading=\"lazy\" class=\"size-medium wp-image-472\" src=\"http:\/\/locajeux.fr\/wp-content\/uploads\/2017\/06\/20170611_095806-300x225.jpg\" alt=\"\" width=\"300\" height=\"225\" srcset=\"https:\/\/locajeux.fr\/wp-content\/uploads\/2017\/06\/20170611_095806-300x225.jpg 300w, https:\/\/locajeux.fr\/wp-content\/uploads\/2017\/06\/20170611_095806-768x576.jpg 768w, https:\/\/locajeux.fr\/wp-content\/uploads\/2017\/06\/20170611_095806-1024x768.jpg 1024w\" sizes=\"(max-width: 300px) 100vw, 300px\" \/><figcaption id=\"caption-attachment-472\" class=\"wp-caption-text\">locajeux pour OCP<\/figcaption><\/figure>\n<p style=\"text-align: left;\"><strong>locajeux <\/strong>\u00a0\u00e0 marseille pour <strong>Les troph\u00e9es de l&rsquo;\u00e9conomie 2016<\/strong><\/p>\n<p><img decoding=\"async\" loading=\"lazy\" class=\"size-medium wp-image-402 aligncenter\" src=\"http:\/\/locajeux.fr\/wp-content\/uploads\/2016\/12\/20161209_001234-e1481461085744-225x300.jpg\" alt=\"Baby-foot 22 joueurs\" width=\"225\" height=\"300\" srcset=\"https:\/\/locajeux.fr\/wp-content\/uploads\/2016\/12\/20161209_001234-e1481461085744-225x300.jpg 225w, https:\/\/locajeux.fr\/wp-content\/uploads\/2016\/12\/20161209_001234-e1481461085744-768x1024.jpg 768w\" sizes=\"(max-width: 225px) 100vw, 225px\" \/><\/p>\n<p style=\"text-align: left;\"><img decoding=\"async\" loading=\"lazy\" class=\"aligncenter size-medium wp-image-401\" src=\"http:\/\/locajeux.fr\/wp-content\/uploads\/2016\/12\/20161211_092157-170x300.jpg\" alt=\"Locajeux la provence event\" width=\"170\" height=\"300\" srcset=\"https:\/\/locajeux.fr\/wp-content\/uploads\/2016\/12\/20161211_092157-170x300.jpg 170w, https:\/\/locajeux.fr\/wp-content\/uploads\/2016\/12\/20161211_092157-768x1359.jpg 768w, https:\/\/locajeux.fr\/wp-content\/uploads\/2016\/12\/20161211_092157-579x1024.jpg 579w, https:\/\/locajeux.fr\/wp-content\/uploads\/2016\/12\/20161211_092157.jpg 1928w\" sizes=\"(max-width: 170px) 100vw, 170px\" \/><\/p>\n<p style=\"text-align: left;\"><strong>Location pour notion la ciotat<img decoding=\"async\" loading=\"lazy\" class=\"aligncenter size-medium wp-image-124\" src=\"http:\/\/locajeux.fr\/wp-content\/uploads\/2016\/10\/FB_IMG_1477115988342-300x225.jpg\" alt=\"fb_img_1477115988342\" width=\"300\" height=\"225\" srcset=\"https:\/\/locajeux.fr\/wp-content\/uploads\/2016\/10\/FB_IMG_1477115988342-300x225.jpg 300w, https:\/\/locajeux.fr\/wp-content\/uploads\/2016\/10\/FB_IMG_1477115988342-768x576.jpg 768w, https:\/\/locajeux.fr\/wp-content\/uploads\/2016\/10\/FB_IMG_1477115988342.jpg 960w\" sizes=\"(max-width: 300px) 100vw, 300px\" \/><\/strong><\/p>\n<p><strong>Location pour la societe DEP 84<img decoding=\"async\" loading=\"lazy\" class=\"aligncenter size-medium wp-image-130\" src=\"http:\/\/locajeux.fr\/wp-content\/uploads\/2016\/10\/FB_IMG_1477116075031-1-300x225.jpg\" alt=\"fb_img_1477116075031\" width=\"300\" height=\"225\" srcset=\"https:\/\/locajeux.fr\/wp-content\/uploads\/2016\/10\/FB_IMG_1477116075031-1-300x225.jpg 300w, https:\/\/locajeux.fr\/wp-content\/uploads\/2016\/10\/FB_IMG_1477116075031-1-768x576.jpg 768w, https:\/\/locajeux.fr\/wp-content\/uploads\/2016\/10\/FB_IMG_1477116075031-1.jpg 960w\" sizes=\"(max-width: 300px) 100vw, 300px\" \/><\/strong><\/p>\n<p><strong>\u00a0 \u00a0 Location au D\u00f4me de marseille pour \u00a0 \u00a0 \u00a0 \u00a0 \u00a0 \u00a0 \u00a0 \u00a0 france bleu provence avec la \u00a0 \u00a0 \u00a0 \u00a0 \u00a0 \u00a0 \u00a0 \u00a0 \u00a0 \u00a0 \u00a0participation Ebs communication<img decoding=\"async\" loading=\"lazy\" class=\"size-medium wp-image-133 aligncenter\" src=\"http:\/\/locajeux.fr\/wp-content\/uploads\/2016\/10\/FB_IMG_1477115887631-300x225.jpg\" alt=\"fb_img_1477115887631\" width=\"300\" height=\"225\" srcset=\"https:\/\/locajeux.fr\/wp-content\/uploads\/2016\/10\/FB_IMG_1477115887631-300x225.jpg 300w, https:\/\/locajeux.fr\/wp-content\/uploads\/2016\/10\/FB_IMG_1477115887631.jpg 640w\" sizes=\"(max-width: 300px) 100vw, 300px\" \/><\/strong><\/p>\n<p><strong>\u00a0 \u00a0 \u00a0 \u00a0Location au circuit PAUL RICARD\u00a0<img decoding=\"async\" loading=\"lazy\" class=\"aligncenter size-medium wp-image-139\" src=\"http:\/\/locajeux.fr\/wp-content\/uploads\/2016\/10\/FB_IMG_1477115971538-300x137.jpg\" alt=\"fb_img_1477115971538\" width=\"300\" height=\"137\" srcset=\"https:\/\/locajeux.fr\/wp-content\/uploads\/2016\/10\/FB_IMG_1477115971538-300x137.jpg 300w, https:\/\/locajeux.fr\/wp-content\/uploads\/2016\/10\/FB_IMG_1477115971538-768x350.jpg 768w, https:\/\/locajeux.fr\/wp-content\/uploads\/2016\/10\/FB_IMG_1477115971538.jpg 960w\" sizes=\"(max-width: 300px) 100vw, 300px\" \/><\/strong><\/p>\n<p><strong>\u00a0 \u00a0 \u00a0 \u00a0Location pour le RSI de marseille<br \/><\/strong><img decoding=\"async\" loading=\"lazy\" class=\"aligncenter\" src=\"http:\/\/locajeux.fr\/wp-content\/uploads\/2016\/10\/FB_IMG_1477116038593-300x225.jpg\" width=\"300\" height=\"225\" \/><\/p>\n\n\n<p><\/p>\n\n\n\n<p><\/p>\n","protected":false},"excerpt":{"rendered":"<p>locajeux \u00a0au Ch\u00e2teau de Roquefeuille pour OCP locajeux \u00a0\u00e0 marseille pour Les troph\u00e9es de l&rsquo;\u00e9conomie 2016 Location pour notion la ciotat Location pour la societe &hellip; <\/p>\n","protected":false},"author":1,"featured_media":0,"parent":0,"menu_order":0,"comment_status":"closed","ping_status":"closed","template":"","meta":[],"_links":{"self":[{"href":"https:\/\/locajeux.fr\/index.php\/wp-json\/wp\/v2\/pages\/84"}],"collection":[{"href":"https:\/\/locajeux.fr\/index.php\/wp-json\/wp\/v2\/pages"}],"about":[{"href":"https:\/\/locajeux.fr\/index.php\/wp-json\/wp\/v2\/types\/page"}],"author":[{"embeddable":true,"href":"https:\/\/locajeux.fr\/index.php\/wp-json\/wp\/v2\/users\/1"}],"replies":[{"embeddable":true,"href":"https:\/\/locajeux.fr\/index.php\/wp-json\/wp\/v2\/comments?post=84"}],"version-history":[{"count":22,"href":"https:\/\/locajeux.fr\/index.php\/wp-json\/wp\/v2\/pages\/84\/revisions"}],"predecessor-version":[{"id":1044,"href":"https:\/\/locajeux.fr\/index.php\/wp-json\/wp\/v2\/pages\/84\/revisions\/1044"}],"wp:attachment":[{"href":"https:\/\/locajeux.fr\/index.php\/wp-json\/wp\/v2\/media?parent=84"}],"curies":[{"name":"wp","href":"https:\/\/api.w.org\/{rel}","templated":true}]}}